s the remainder when 93598 is divided by 11698?
14
Calculate the remainder when 65673 is divided by 32828.
17
Calculate the remainder when 42118 is divided by 71.
15
What is the remainder when 2997 is divided by 151?
128
What is the remainder when 83857 is divided by 50?
7
What is the remainder when 3253 is divided by 44?
41
What is the remainder when 62164 is divided by 8?
4
Calculate the remainder when 729085 is divided by 356.
353
What is the remainder when 152291 is divided by 705?
11
What is the remainder when 63193 is divided by 854?
851
Calculate the remainder when 71253 is divided by 448.
21
What is the remainder when 1269 is divided by 587?
95
What is the remainder when 2167 is divided by 193?
44
Calculate the remainder when 2485 is divided by 365.
295
Calculate the remainder when 153971 is divided by 91.
90
Calculate the remainder when 2897 is divided by 32.
17
Calculate the remainder when 7121 is divided by 1424.
1
What is the remainder when 9576 is divided by 28?
0
What is the remainder when 14303 is divided by 1299?
14
Calculate the remainder when 6405 is divided by 377.
373
What is the remainder when 354799 is divided by 52?
3
What is the remainder when 23347 is divided by 477?
451
What is the remainder when 17947 is divided by 346?
301
What is the remainder when 17880 is divided by 614?
74
Calculate the remainder when 1205554 is divided by 80370.
4
Calculate the remainder when 306401 is divided by 229.
228
What is the remainder when 6962377 is divided by 57?
55
What is the remainder when 11373 is divided by 247?
11
Calculate the remainder when 12523 is divided by 216.
211
What is the remainder when 4928 is divided by 470?
228
What is the remainder when 484811 is divided by 67?
66
Calculate the remainder when 15160 is divided by 467.
216
Calculate the remainder when 31140 is divided by 5178.
72
Calculate the remainder when 8950 is divided by 35.
25
Calculate the remainder when 12424 is divided by 49.
27
Calculate the remainder when 4594 is divided by 61.
19
What is the remainder when 1527 is divided by 376?
23
Calculate the remainder when 5691 is divided by 197.
175
What is the remainder when 13580 is divided by 27?
26
What is the remainder when 48344 is divided by 215?
184
What is the remainder when 18960 is divided by 184?
8
What is the remainder when 52431 is divided by 167?
160
What is the remainder when 40 is divided by 14?
12
Calculate the remainder when 13651 is divided by 1361.
41
Calculate the remainder when 22023 is divided by 3.
0
Calculate the remainder when 32922 is divided by 578.
554
Calculate the remainder when 3020 is divided by 149.
40
What is the remainder when 57878 is divided by 220?
18
What is the remainder when 38654 is divided by 239?
175
What is the remainder when 90108 is divided by 90093?
15
What is the remainder when 74062 is divided by 22?
10
What is the remainder when 150213 is divided by 75101?
11
Calculate the remainder when 15875 is divided by 15872.
3
What is the remainder when 311 is divided by 6?
5
What is the remainder when 71197 is divided by 23728?
13
What is the remainder when 1326174 is divided by 713?
707
Calculate the remainder when 10014 is divided by 2503.
2
Calculate the remainder when 2587 is divided by 480.
187
Calculate the remainder when 11612 is divided by 54.
2
What is the remainder when 9986 is divided by 1181?
538
Calculate the remainder when 354058 is divided by 90.
88
What is the remainder when 121062 is divided by 10?
2
Calculate the remainder when 397796 is divided by 884.
880
What is the remainder when 2147 is divided by 1071?
5
What is the remainder when 22402 is divided by 386?
14
What is the remainder when 508381 is divided by 43?
35
What is the remainder when 51275 is divided by 211?
2
What is the remainder when 15950 is divided by 444?
410
Calculate the remainder when 2587 is divided by 202.
163
What is the remainder when 9026 is divided by 71?
9
What is the remainder when 57437 is divided by 28687?
63
Calculate the remainder when 322665 is divided by 67.
60
Calculate the remainder when 124449 is divided by 2074.
9
What is the remainder when 26762 is divided by 221?
21
What is the remainder when 11387 is divided by 190?
177
Calculate the remainder when 1688 is divided by 698.
292
What is the remainder when 43756 is divided by 607?
52
Calculate the remainder when 2405 is divided by 56.
53
Calculate the remainder when 2016 is divided by 882.
252
What is the remainder when 96115 is divided by 677?
658
Calculate the remainder when 612 is divided by 323.
289
Calculate the remainder when 743 is divided by 175.
43
Calculate the remainder when 3874 is divided by 1922.
30
Calculate the remainder when 198 is divided by 159.
39
What is the remainder when 204046 is divided by 42?
10
Calculate the remainder when 711195 is divided by 2.
1
What is the remainder when 10782 is divided by 2668?
110
Calculate the remainder when 1979697 is divided by 2131.
2129
What is the remainder when 1627 is divided by 40?
27
Calculate the remainder when 21650 is divided by 5358.
218
What is the remainder when 107305 is divided by 54?
7
Calculate the remainder when 211415 is divided by 1521.
1517
What is the remainder when 19946 is divided by 9643?
660
Calculate the remainder when 225945 is divided by 509.
458
Calculate the remainder when 473087 is divided by 528.
527
Calculate the remainder when 7242 is divided by 540.
222
What is the remainder when 1167 is divided by 728?
439
What is the remainder when 368 is divided by 45?
8
Calculate the remainder when 381014 is divided by 45.
44
Calculate the remainder when 2007 is divided by 20.
7
What is the remainder when 874900 is divided by 74?
72
What is the remainder when 1362975 is divided by 32?
31
Calculate the remainder when 15546 is divided by 1192.
50
Calculate the remainder when 1214834 is divided by 23.
20
What is the remainder when 250132 is divided by 125066?
0
Calculate the remainder when 310645 is divided by 1593.
10
Calculate the remainder when 24167 is divided by 132.
11
Calculate the remainder when 38946 is divided by 79.
78
Calculate the remainder when 9596 is divided by 35.
6
What is the remainder when 3658 is divided by 3580?
78
What is the remainder when 6554 is divided by 6275?
279
What is the remainder when 63211 is divided by 31?
2
Calculate the remainder when 13619 is divided by 4538.
5
Calculate the remainder when 1521691 is divided by 23.
11
What is the remainder when 23300 is divided by 18?
8
Calculate the remainder when 712 is divided by 34.
32
Calculate the remainder when 339 is divided by 159.
21
Calculate the remainder when 485 is divided by 479.
6
What is the remainder when 1123 is divided by 45?
43
Calculate the remainder when 287074 is divided by 41008.
18
Calculate the remainder when 244766 is divided by 22.
16
What is the remainder when 8442 is divided by 51?
27
Calculate the remainder when 8207 is divided by 24.
23
What is the remainder when 57657 is divided by 19203?
48
What is the remainder when 91315 is divided by 25?
15
What is the remainder when 195292 is divided by 23?
22
Calculate the remainder when 1163 is divided by 669.
494
What is the remainder when 3438 is divided by 69?
57
What is the remainder when 250704 is divided by 814?
806
What is the remainder when 36803 is divided by 37?
25
Calculate the remainder when 66426 is divided by 13.
9
What is the remainder when 17517 is divided by 52?
45
What is the remainder when 18408 is divided by 449?
448
What is the remainder when 4566 is divided by 117?
3
What is the remainder when 15300 is divided by 4828?
816
Calculate the remainder when 125156 is divided by 268.
0
What is the remainder when 109215 is divided by 958?
3
What is the remainder when 30144 is divided by 181?
98
What is the remainder when 783 is divided by 762?
21
What is the remainder when 13287 is divided by 215?
172
Calculate the remainder when 160856 is divided by 27.
17
What is the remainder when 20755 is divided by 72?
19
What is the remainder when 69429 is divided by 216?
93
Calculate the remainder when 14472 is divided by 493.
175
Calculate the remainder when 2253 is divided by 998.
257
What is the remainder when 33964 is divided by 2425?
14
What is the remainder when 61915 is divided by 48